ppose 5*j + 238 = 2*o + d, -5*o = -5*j + 430. Is j a prime number?
False
Suppose 2*h = -4*m + 229 + 333, 5*h - 1381 = -4*m. Let a be 0 + 1388 - (-16 - -16). Suppose a = c + h. Is c a prime number?
False
Let u = 79855 + -53120. Is u a composite number?
True
Suppose -6*i - 6 = -324. Let x = i + -30. Is x composite?
False
Let q(o) = 16*o + 13. Let d(s) = s**2 + 2. Let v be d(-2). Is q(v) a composite number?
False
Suppose -124*v + 121*v + 38685 = 0. Is v composite?
True
Let a(f) = 194*f + 243. Is a(44) composite?
False
Let k(o) be the first derivative of -152*o**2 - 5*o - 2. Suppose -3*s - s + 5*g = 16, 4*s - g + 16 = 0. Is k(s) a prime number?
False
Suppose 5*g - 73307 = -14792. Suppose -3*k = 1284 - g. Is k prime?
False
Let l be 3/(921/228 + -4). Is (-1)/(4/l)*-1 a prime number?
True
Let p be (-290)/35 + (-2)/(-7). Let n = -6 - p. Suppose 4*a + 78 = n*m, a + 97 = 2*m + m. Is m a composite number?
False
Let y be 3*(-6)/(-9)*-82. Is 27/(-18)*y/3 a prime number?
False
Let k = 3187 + -1886. Suppose -1404 = -5*v + k. Is v prime?
True
Suppose -3*z = 5*u - 52, 4*z + 2*u - 43 - 3 = 0. Suppose -5*d + z = -2*d. Suppose -369 = -d*h + 120. Is h a prime number?
True
Let r(h) = -54*h + 13. Let m be r(-9). Suppose 319 = a + 3*f - 180, a - f - m = 0. Is a a prime number?
True
Let l = -24781 + 67286. Is l composite?
True
Let i be 1 + (-2 - -4) + 1. Suppose c + 4*c = a - 367, 3*c + 1502 = i*a. Is a a prime number?
False
Let z = 5 + 5. Suppose -z*u = -9*u - 317. Is u prime?
True
Let r be (-2)/(-3)*(-1275 + 36/(-6)). Let f = 1125 - r. Is f composite?
False
Is 1017/6*(-64)/(-24) + -3 a prime number?
True
Suppose -1434 = -3*j + 3*u, -4*j + 1914 = 5*u - 7*u. Is j a prime number?
True
Suppose -11*n + 150 = -17*n. Let v(y) = y**3 + 27*y**2 + 33*y - 52. Is v(n) a composite number?
False
Suppose 6923 = o - 2*f + 1656, -o - 2*f = -5279. Is o composite?
False
Suppose -q - 26 + 10 = -5*s, 5*s = 4*q + 4. Suppose -s*x - 1761 = -7*x. Is x a prime number?
True
Suppose -7493 = -7*u + 2769. Suppose -56*d = -54*d - u. Is d a prime number?
True
Let h = -22 + 24. Suppose -3*y + 109 = -h*y. Suppose 2*s - y = 117. Is s composite?
False
Let n(w) = -w**3 - 13*w**2 + 21*w + 37. Is n(-18) a prime number?
True
Suppose -d + 2*k + 42 = 0, -d - 4*k + 60 = d. Suppose -3 + d = m. Is m prime?
False
Let o(a) = 47*a**2 + a + 1. Let z(t) = -t**2 - 3*t + 1. Let y be z(-4). Let n = 5 + y. Is o(n) prime?
True
Let y(t) = t + 8. Let d be y(-6). Let j = 28 + -28. Suppose 2*k + 739 = z, -d*z + j*k = -3*k - 1481. Is z prime?
False
Let m(w) = -w**3 - 6*w**2 + 7*w + 4. Let y be m(-7). Suppose d = y - 2. Suppose 324 = 2*s - 2*r, -466 = -3*s + r - d*r. Is s prime?
True
Let u = 28 - 16. Suppose -i + 23 = -u. Is i composite?
True
Let w(q) = q**2 + 21*q + 40. Let t be w(-19). Is t/(-3) - (-32680)/24 composite?
False
Let d be 10/6 - 415514/(-51). Suppose 0 = -6*w + d - 979. Is w a composite number?
True
Suppose f - 4*l = -0*f + 2622, 2*l = 0. Suppose 4*p - f = -r, -3*p + p + 4*r + 1302 = 0. Is p prime?
False
Suppose -5*l + l - 3*d = 36, 4*l = -2*d - 32. Let x be ((-24)/36)/(1/l). Suppose 10*f - 5*f + 3*s - 1112 = 0, -s = -x*f + 893. Is f composite?
False
Let v = 10023 + 2651. Is v a prime number?
False
Let x = 106 - 109. Let a(y) = 0*y + 2*y + 48*y**2 - 1 + 2*y. Is a(x) prime?
True
Suppose 4*n - 5*n + 3*x = -14, 20 = -4*x. Let a be 0/(-9) - 0/n. Suppose 4*f - 453 - 1255 = a. Is f composite?
True
Let w be (-1)/8 - 63222/(-48). Let m = w - 230. Is m a prime number?
True
Let q = -16357 + 46358. Is q a prime number?
False
Suppose -70102 = -2*c + 5*k, -44*c - 105153 = -47*c - 4*k. Is c prime?
True
Let m be ((-18)/4 - -2)/((-2)/(-744)). Let c = m - -2691. Is c a prime number?
False
Is 2/13 + 9 + (-281820)/(-130) prime?
False
Let k(j) = -334*j - 11. Let x be k(-1). Suppose 5*d - 492 = x. Is d a prime number?
True
Suppose 24*g + 12*g = 24804. Is g prime?
False
Let p(i) = 4632*i - 3. Is p(1) a composite number?
True
Suppose 230 = n - 0*n. Suppose 69*l - 73*l + 16 = 0. Is 2*(n/l - 1) a composite number?
False
Let s = -22 + 31. Suppose s*w + 6*w = 46635. Is w prime?
True
Let w(b) = 2*b**2 + b + 4133. Is w(0) prime?
True
Let y = 13684 + -5649. Is y a composite number?
True
Let j be (-3 - -6)/3 + (-2082)/1. Let b = j + 4854. Is b a prime number?
False
Suppose 0 = -2*v + 7*v - 25. Suppose 4*n - 4447 = -5*x + 5*n, v*x + n - 4443 = 0. Is x prime?
False
Let s(q) = 2*q - 22. Let n be s(9). Let g be (-6837)/n + 60/80. Let p = g - 755. Is p prime?
False
Suppose 0 = -1074*a + 1061*a + 490451. Is a composite?
True
Let r = 30 - 18. Is (-3)/9 + 28/r + 2883 a prime number?
False
Let u be -10*(0 - 2/4). Suppose -u*f + 131 = 26. Let s = -7 + f. Is s composite?
True
Suppose -2*i - 31 = -165. Let p(j) = -2*j**2 + 4*j. Let f be p(-3). Let l = f + i. Is l composite?
False
Let h(r) be the second derivative of -r**5/20 + 5*r**4/12 + 5*r**3/6 + r**2 - r. Let d be h(7). Is 5*2/(-2)*d a prime number?
False
Suppose -8*j + 4*j = 5*l - 10791, 3*l = 3*j + 6453. Is l a prime number?
False
Let p(o) = -12*o**3 + 4*o**2 + 22*o + 8. Is p(-9) prime?
False
Let r = 5281 + -3386. Suppose 56*w - 61*w = -r. Is w a prime number?
True
Let q = -735 + 4988. Is q a prime number?
True
Let k(x) = -x**2 + 10*x + 8. Let g be k(11). Let c be (-1)/(44/16 + g). Suppose -6*l = -c*l - 470. Is l a prime number?
False
Let s be (1 + 4)*2/(4/2). Let u = 1146 + s. Is u prime?
True
Suppose 3*p = 5*p - 70. Suppose m - 81 = 4*l, -2*l - 7*m + 2*m = p. Is (-16)/l + 7542/10 prime?
False
Let p(m) = m**3 + 2*m - 5*m**2 + 5*m - 5 + m. Suppose -4*x + t + 0*t = -31, t = -3*x + 25. Is p(x) composite?
False
Let s(v) = 14*v**2 + 7*v - 68. Is s(13) composite?
False
Is 2*(-4)/16*(4 + -9866) a composite number?
False
Let y(v) = -2*v - 2. Let h be y(-4). Let z be -1060 - -3*(-4)/h. Let o = z + 1511. Is o a composite number?
False
Suppose 13*y + 14 - 66 = 0. Suppose y*g + 1 = -3, f - 894 = g. Is f prime?
False
Let z(s) = -43*s**3 - 2*s + 1. Suppose -3*g + 4*p = 4, 0*g - 4*g - 22 = 3*p. Is z(g) a composite number?
True
Let w = 7113 - 12347. Is w/(-18) - (-6)/27 composite?
True
Is (-14583)/(-2*(-4 - (-22)/4)) prime?
True
Let j(a) = 11*a**2 + 17*a + 27. Suppose -31*m + 29*m - 22 = 0. Is j(m) a prime number?
True
Let l(m) = -3*m + 14. Let c be l(7). Is 29241/21 - 4/c composite?
True
Let n(p) = p**2 - 7*p + 2. Let h be n(7). Suppose h*g + 4*v = -77 + 1579, -3*g + 2298 = -3*v. Is g prime?
True
Suppose -13*g = -8*g + 15. Is g/(-2)*6/(-9) - -635 a composite number?
True
Let g = 24 + -25. Let v be -5 + 2323 - (0 + g). Let m = v + -1106. Is m prime?
True
Suppose 2*q - 4*q = -2*m + 306752, 4*q = -4*m + 613528. Is m prime?
True
Suppose 2914 = -2*t + 4*z + 21076, -5*z = -t + 9087. Is t a composite number?
True
Let c(h) = 172 + 122 - 10*h + 9*h. Let t be c(0). Suppose 2*y - 583 = 3*w, 3*y + t = 4*y + w. Is y composite?
False
Suppose 0*o = 18*o - 1962. Is o a prime number?
True
Let h = 170 + 279. Is h a composite number?
False
Let n be (1 + 0)/((-2)/(-4)). Suppose n = l - 3. Suppose -512 = -4*a + 3*m, -2*a = -l*a - 3*m + 405. Is a a prime number?
True
Let b(m) = -m**3 + m**2 - 6*m + 15. Is b(-6) a prime number?
False
Let i(v) = v**3 - 8*v**2 - 11*v + 1. Let q be i(10). Let l = 258 - q. Suppose -h - w = -6*h + l, -3*w + 43 = h. Is h prime?
False
Suppose 3*h = 8*n - 7*n - 18521, -4*n = -5*h - 74112. Is n a prime number?
False
Suppose j = -3*i + 1142, 0*j + 2317 = 2*j - 5*i. Is j prime?
True
Let n be -1 + -1 - -2 - (-2079)/(-1). Let b = -1448 - n. Is b a prime number?
True
Suppose 0*p + g + 18970 = 3*p, g + 25293 = 4*p. Suppose 1843 + p = 6*l. Is l a composite number?
False
Let p(o) = -o**3 + 2*o**2 + 2*o - 2. Let m be p(2). Suppose i + 4 + 0 = 0, -m*x + 872 = 5*i. Is x a prime number?
False
Let y(u) = -6*u**2 - 7*u - 9. Let x(i) = 3*i**2 + 4*i + 4. Let n(p) = -5*x(p) - 3*y(p). Is n(10) prime?
True
Suppose 2*a - 4 = -12. Let x be (-92)/(-8) + 6/a. Is 5089/35 + (-4)/x prime?
False
Let u = 9 + -6. Let o be (-12 + 9)*(-11)/u. Is o + 9/(-3)*-1 a prime number?
False
Let b(q) = -q**2 - 15*q. Let r be b(11). Let j = 561 + r. Suppose -2 = -s, 3*s = -y - s + j. Is y prime?
False
Suppose 0 = k + 2, -5*z + k + 20938 = -19449. Is z a composite number?
True
Suppose 4*o - 3*r = -60, -4*r = 4*o + r + 28. Is (316/o)/(5/(-45)) a co